{"id":162,"date":"2025-01-05T12:16:14","date_gmt":"2025-01-05T11:16:14","guid":{"rendered":"https:\/\/360-solar.de\/zuhause-mit-sonne\/?page_id=162"},"modified":"2025-01-05T13:25:07","modified_gmt":"2025-01-05T12:25:07","slug":"impressum","status":"publish","type":"page","link":"https:\/\/360-solar.de\/zuhause-mit-sonne\/impressum\/","title":{"rendered":"Impressum"},"content":{"rendered":"\t\t<div data-elementor-type=\"wp-page\" data-elementor-id=\"162\" class=\"elementor elementor-162\" data-elementor-post-type=\"page\">\n\t\t\t\t\t\t<section class=\"elementor-section elementor-top-section elementor-element elementor-element-5127e873 elementor-section-boxed elementor-section-height-default elementor-section-height-default\" data-id=\"5127e873\" data-element_type=\"section\" data-settings=\"{&quot;background_background&quot;:&quot;classic&quot;}\">\n\t\t\t\t\t\t\t<div class=\"elementor-background-overlay\"><\/div>\n\t\t\t\t\t\t\t<div class=\"elementor-container elementor-column-gap-default\">\n\t\t\t\t\t<div class=\"elementor-column elementor-col-100 elementor-top-column elementor-element elementor-element-3b5c3c74\" data-id=\"3b5c3c74\" data-element_type=\"column\">\n\t\t\t<div class=\"elementor-widget-wrap elementor-element-populated\">\n\t\t\t\t\t\t<section class=\"elementor-section elementor-inner-section elementor-element elementor-element-134e35bb elementor-section-boxed elementor-section-height-default elementor-section-height-default elementor-invisible\" data-id=\"134e35bb\" data-element_type=\"section\" data-settings=\"{&quot;background_background&quot;:&quot;classic&quot;,&quot;animation&quot;:&quot;fadeInUp&quot;}\">\n\t\t\t\t\t\t<div class=\"elementor-container elementor-column-gap-default\">\n\t\t\t\t\t<div class=\"elementor-column elementor-col-100 elementor-inner-column elementor-element elementor-element-2ca84cc3\" data-id=\"2ca84cc3\" data-element_type=\"column\">\n\t\t\t<div class=\"elementor-widget-wrap elementor-element-populated\">\n\t\t\t\t\t\t<div class=\"elementor-element elementor-element-26d4ba1f elementor-widget elementor-widget-heading\" data-id=\"26d4ba1f\" data-element_type=\"widget\" data-widget_type=\"heading.default\">\n\t\t\t\t<div class=\"elementor-widget-container\">\n\t\t\t\t\t<h1 class=\"elementor-heading-title elementor-size-default\">Impressum<\/h1>\t\t\t\t<\/div>\n\t\t\t\t<\/div>\n\t\t\t\t\t<\/div>\n\t\t<\/div>\n\t\t\t\t\t<\/div>\n\t\t<\/section>\n\t\t\t\t\t<\/div>\n\t\t<\/div>\n\t\t\t\t\t<\/div>\n\t\t<\/section>\n\t\t<div class=\"elementor-element elementor-element-098b11b e-flex e-con-boxed e-con e-parent\" data-id=\"098b11b\" data-element_type=\"container\" data-settings=\"{&quot;background_background&quot;:&quot;classic&quot;}\">\n\t\t\t\t\t<div class=\"e-con-inner\">\n\t\t<div class=\"elementor-element elementor-element-6fb3aca e-con-full e-flex e-con e-child\" data-id=\"6fb3aca\" data-element_type=\"container\">\n\t\t\t\t<div class=\"elementor-element elementor-element-05583be elementor-widget elementor-widget-text-editor\" data-id=\"05583be\" data-element_type=\"widget\" data-widget_type=\"text-editor.default\">\n\t\t\t\t<div class=\"elementor-widget-container\">\n\t\t\t\t\t\t\t\t\t<p><strong>Angaben gem\u00e4\u00df \u00a7 5 TMG<br \/><\/strong><br \/>360\u00b0 Solar GmbH<br \/>Steinkirchring 12<br \/>78056 Villingen-Schwenningen<\/p><p>Sitz: Villingen-Schwenningen<\/p><p>Handelsregister:<br \/>Registergericht: Freiburg im Breisgau<\/p><p>Vertreten durch: Toni Wildt<\/p>\t\t\t\t\t\t\t\t<\/div>\n\t\t\t\t<\/div>\n\t\t\t\t<div class=\"elementor-element elementor-element-5a1e268 elementor-widget elementor-widget-text-editor\" data-id=\"5a1e268\" data-element_type=\"widget\" data-widget_type=\"text-editor.default\">\n\t\t\t\t<div class=\"elementor-widget-container\">\n\t\t\t\t\t\t\t\t\t<p><strong>Haftung f\u00fcr Inhalte<br \/><\/strong><br \/>Die Inhalte unserer Webseite wurden mit gr\u00f6\u00dfter Sorgfalt erstellt. Dennoch k\u00f6nnen wir keine Gew\u00e4hr f\u00fcr die Richtigkeit, Vollst\u00e4ndigkeit und Aktualit\u00e4t der bereitgestellten Informationen \u00fcbernehmen. Als Diensteanbieter sind wir gem\u00e4\u00df \u00a7 7 Abs. 1 TMG nach den allgemeinen Gesetzen f\u00fcr eigene Inhalte auf diesen Seiten verantwortlich. Gem\u00e4\u00df \u00a7\u00a7 8 bis 10 TMG sind wir jedoch nicht verpflichtet, \u00fcbermittelte oder gespeicherte fremde Informationen zu \u00fcberwachen oder nach Umst\u00e4nden zu suchen, die auf eine rechtswidrige T\u00e4tigkeit hinweisen. Verpflichtungen zur Entfernung oder Sperrung der Nutzung von Informationen nach den allgemeinen Gesetzen bleiben hiervon unber\u00fchrt. Eine Haftung in diesem Zusammenhang ist jedoch erst ab dem Zeitpunkt m\u00f6glich, zu dem uns eine konkrete Rechtsverletzung bekannt wird. Sobald uns entsprechende Rechtsverletzungen bekannt werden, werden wir die betroffenen Inhalte umgehend entfernen.<\/p>\t\t\t\t\t\t\t\t<\/div>\n\t\t\t\t<\/div>\n\t\t\t\t<div class=\"elementor-element elementor-element-17177ed elementor-widget elementor-widget-text-editor\" data-id=\"17177ed\" data-element_type=\"widget\" data-widget_type=\"text-editor.default\">\n\t\t\t\t<div class=\"elementor-widget-container\">\n\t\t\t\t\t\t\t\t\t<p><strong>Urheberrecht<br \/><\/strong><br \/>Die auf dieser Website durch die Betreiber erstellten Inhalte und Werke unterliegen dem deutschen Urheberrecht. Jede Vervielf\u00e4ltigung, Bearbeitung, Verbreitung oder sonstige Nutzung au\u00dferhalb der Grenzen des Urheberrechts bedarf der vorherigen schriftlichen Zustimmung des jeweiligen Autors oder Erstellers. Downloads und Kopien dieser Website sind ausschlie\u00dflich f\u00fcr den privaten, nicht kommerziellen Gebrauch gestattet.<\/p><p>Soweit die Inhalte auf dieser Website nicht vom Betreiber erstellt wurden, werden die Urheberrechte Dritter beachtet. Inhalte Dritter werden als solche gekennzeichnet. Sollten Sie dennoch auf eine Urheberrechtsverletzung aufmerksam werden, bitten wir Sie, uns dies umgehend mitzuteilen. Bei Bekanntwerden von Rechtsverletzungen werden wir derartige Inhalte unverz\u00fcglich entfernen.<\/p>\t\t\t\t\t\t\t\t<\/div>\n\t\t\t\t<\/div>\n\t\t\t\t<\/div>\n\t\t<div class=\"elementor-element elementor-element-a2aad78 e-con-full e-flex e-con e-child\" data-id=\"a2aad78\" data-element_type=\"container\">\n\t\t\t\t<div class=\"elementor-element elementor-element-c45ce8d elementor-widget elementor-widget-text-editor\" data-id=\"c45ce8d\" data-element_type=\"widget\" data-widget_type=\"text-editor.default\">\n\t\t\t\t<div class=\"elementor-widget-container\">\n\t\t\t\t\t\t\t\t\t<p><strong>Kontakt<br \/><\/strong><br \/>Telefon: 07720 \/ 60 998 90<br \/>Email: info@360-solar.de<\/p><p><strong>Umsatzsteuer-ID<\/strong><br \/>Umsatzsteuer-Identifikationsnummer gem\u00e4\u00df \u00a727a: DE342134360<br \/><br \/><br \/><br \/><br \/><\/p>\t\t\t\t\t\t\t\t<\/div>\n\t\t\t\t<\/div>\n\t\t\t\t<div class=\"elementor-element elementor-element-a2b72f6 elementor-widget elementor-widget-text-editor\" data-id=\"a2b72f6\" data-element_type=\"widget\" data-widget_type=\"text-editor.default\">\n\t\t\t\t<div class=\"elementor-widget-container\">\n\t\t\t\t\t\t\t\t\t<p><strong>Haftung f\u00fcr externe Links<br \/><\/strong><br \/>Unsere Website enth\u00e4lt Links zu externen Webseiten Dritter, deren Inhalte au\u00dferhalb unseres Einflussbereichs liegen. Daher k\u00f6nnen wir f\u00fcr diese fremden Inhalte keine Gew\u00e4hr \u00fcbernehmen. F\u00fcr die Inhalte der verlinkten Seiten ist ausschlie\u00dflich der jeweilige Anbieter oder Betreiber verantwortlich. Die verlinkten Seiten wurden zum Zeitpunkt der Verlinkung sorgf\u00e4ltig auf m\u00f6gliche Rechtsverst\u00f6\u00dfe \u00fcberpr\u00fcft. Rechtswidrige Inhalte waren zu diesem Zeitpunkt nicht erkennbar. Eine kontinuierliche inhaltliche \u00dcberpr\u00fcfung der verlinkten Seiten ist ohne konkrete Hinweise auf eine Rechtsverletzung jedoch nicht zumutbar. Sollten uns Rechtsverletzungen bekannt werden, werden wir die entsprechenden Links umgehend entfernen.<br \/><br \/><br \/><br \/><\/p>\t\t\t\t\t\t\t\t<\/div>\n\t\t\t\t<\/div>\n\t\t\t\t<div class=\"elementor-element elementor-element-0d9b91d elementor-widget elementor-widget-text-editor\" data-id=\"0d9b91d\" data-element_type=\"widget\" data-widget_type=\"text-editor.default\">\n\t\t\t\t<div class=\"elementor-widget-container\">\n\t\t\t\t\t\t\t\t\t<p><strong>EU-Streitschlichtung<\/strong><br \/><br \/>Die Europ\u00e4ische Kommission stellt eine Plattform zur Online-Streitbeilegung (OS) bereit: <a href=\"https:\/\/ec.europa.eu\/consumers\/odr\/\" target=\"_blank\" rel=\"noopener\">https:\/\/ec.europa.eu\/consumers\/odr\/<\/a>.<br \/><br \/>Unsere E-Mail-Adresse finden Sie oben im Impressum.<\/p>\t\t\t\t\t\t\t\t<\/div>\n\t\t\t\t<\/div>\n\t\t\t\t<\/div>\n\t\t\t\t\t<\/div>\n\t\t\t\t<\/div>\n\t\t\t\t<\/div>\n\t\t","protected":false},"excerpt":{"rendered":"<p>Impressum Angaben gem\u00e4\u00df \u00a7 5 TMG360\u00b0 Solar GmbHSteinkirchring 1278056 Villingen-Schwenningen Sitz: Villingen-Schwenningen Handelsregister:Registergericht: Freiburg im Breisgau Vertreten durch: Toni Wildt Haftung f\u00fcr InhalteDie Inhalte unserer Webseite wurden mit gr\u00f6\u00dfter Sorgfalt erstellt. Dennoch k\u00f6nnen wir keine Gew\u00e4hr f\u00fcr die Richtigkeit, Vollst\u00e4ndigkeit und Aktualit\u00e4t der bereitgestellten Informationen \u00fcbernehmen. Als Diensteanbieter sind wir gem\u00e4\u00df \u00a7 7 Abs. 1 [&hellip;]<\/p>\n","protected":false},"author":1,"featured_media":0,"parent":0,"menu_order":0,"comment_status":"closed","ping_status":"closed","template":"","meta":{"om_disable_all_campaigns":false,"_monsterinsights_skip_tracking":false,"_monsterinsights_sitenote_active":false,"_monsterinsights_sitenote_note":"","_monsterinsights_sitenote_category":0,"footnotes":""},"class_list":["post-162","page","type-page","status-publish","hentry"],"aioseo_notices":[],"_links":{"self":[{"href":"https:\/\/360-solar.de\/zuhause-mit-sonne\/wp-json\/wp\/v2\/pages\/162","targetHints":{"allow":["GET"]}}],"collection":[{"href":"https:\/\/360-solar.de\/zuhause-mit-sonne\/wp-json\/wp\/v2\/pages"}],"about":[{"href":"https:\/\/360-solar.de\/zuhause-mit-sonne\/wp-json\/wp\/v2\/types\/page"}],"author":[{"embeddable":true,"href":"https:\/\/360-solar.de\/zuhause-mit-sonne\/wp-json\/wp\/v2\/users\/1"}],"replies":[{"embeddable":true,"href":"https:\/\/360-solar.de\/zuhause-mit-sonne\/wp-json\/wp\/v2\/comments?post=162"}],"version-history":[{"count":10,"href":"https:\/\/360-solar.de\/zuhause-mit-sonne\/wp-json\/wp\/v2\/pages\/162\/revisions"}],"predecessor-version":[{"id":273,"href":"https:\/\/360-solar.de\/zuhause-mit-sonne\/wp-json\/wp\/v2\/pages\/162\/revisions\/273"}],"wp:attachment":[{"href":"https:\/\/360-solar.de\/zuhause-mit-sonne\/wp-json\/wp\/v2\/media?parent=162"}],"curies":[{"name":"wp","href":"https:\/\/api.w.org\/{rel}","templated":true}]}}

<div data-elementor-type="wp-page" data-elementor-id="162" class="elementor elementor-162" data-elementor-post-type="page">
						<section class="elementor-section elementor-top-section elementor-element elementor-element-5127e873 elementor-section-boxed elementor-section-height-default elementor-section-height-default" data-id="5127e873" data-element_type="section" data-settings="{&quot;background_background&quot;:&quot;classic&quot;}">
							<div class="elementor-background-overlay"></div>
							<div class="elementor-container elementor-column-gap-default">
					<div class="elementor-column elementor-col-100 elementor-top-column elementor-element elementor-element-3b5c3c74" data-id="3b5c3c74" data-element_type="column">
			<div class="elementor-widget-wrap elementor-element-populated">
						<section class="elementor-section elementor-inner-section elementor-element elementor-element-134e35bb elementor-section-boxed elementor-section-height-default elementor-section-height-default elementor-invisible" data-id="134e35bb" data-element_type="section" data-settings="{&quot;background_background&quot;:&quot;classic&quot;,&quot;animation&quot;:&quot;fadeInUp&quot;}">
						<div class="elementor-container elementor-column-gap-default">
					<div class="elementor-column elementor-col-100 elementor-inner-column elementor-element elementor-element-2ca84cc3" data-id="2ca84cc3" data-element_type="column">
			<div class="elementor-widget-wrap elementor-element-populated">
						<div class="elementor-element elementor-element-26d4ba1f elementor-widget elementor-widget-heading" data-id="26d4ba1f" data-element_type="widget" data-widget_type="heading.default">
				<div class="elementor-widget-container">
					<h1 class="elementor-heading-title elementor-size-default">Impressum</h1>				</div>
				</div>
					</div>
		</div>
					</div>
		</section>
					</div>
		</div>
					</div>
		</section>
		<div class="elementor-element elementor-element-098b11b e-flex e-con-boxed e-con e-parent" data-id="098b11b" data-element_type="container" data-settings="{&quot;background_background&quot;:&quot;classic&quot;}">
					<div class="e-con-inner">
		<div class="elementor-element elementor-element-6fb3aca e-con-full e-flex e-con e-child" data-id="6fb3aca" data-element_type="container">
				<div class="elementor-element elementor-element-05583be elementor-widget elementor-widget-text-editor" data-id="05583be" data-element_type="widget" data-widget_type="text-editor.default">
				<div class="elementor-widget-container">
									<p><strong>Angaben gemäß § 5 TMG<br /></strong><br />360° Solar GmbH<br />Steinkirchring 12<br />78056 Villingen-Schwenningen</p><p>Sitz: Villingen-Schwenningen</p><p>Handelsregister:<br />Registergericht: Freiburg im Breisgau</p><p>Vertreten durch: Toni Wildt</p>								</div>
				</div>
				<div class="elementor-element elementor-element-5a1e268 elementor-widget elementor-widget-text-editor" data-id="5a1e268" data-element_type="widget" data-widget_type="text-editor.default">
				<div class="elementor-widget-container">
									<p><strong>Haftung für Inhalte<br /></strong><br />Die Inhalte unserer Webseite wurden mit größter Sorgfalt erstellt. Dennoch können wir keine Gewähr für die Richtigkeit, Vollständigkeit und Aktualität der bereitgestellten Informationen übernehmen. Als Diensteanbieter sind wir gemäß § 7 Abs. 1 TMG nach den allgemeinen Gesetzen für eigene Inhalte auf diesen Seiten verantwortlich. Gemäß §§ 8 bis 10 TMG sind wir jedoch nicht verpflichtet, übermittelte oder gespeicherte fremde Informationen zu überwachen oder nach Umständen zu suchen, die auf eine rechtswidrige Tätigkeit hinweisen. Verpflichtungen zur Entfernung oder Sperrung der Nutzung von Informationen nach den allgemeinen Gesetzen bleiben hiervon unberührt. Eine Haftung in diesem Zusammenhang ist jedoch erst ab dem Zeitpunkt möglich, zu dem uns eine konkrete Rechtsverletzung bekannt wird. Sobald uns entsprechende Rechtsverletzungen bekannt werden, werden wir die betroffenen Inhalte umgehend entfernen.</p>								</div>
				</div>
				<div class="elementor-element elementor-element-17177ed elementor-widget elementor-widget-text-editor" data-id="17177ed" data-element_type="widget" data-widget_type="text-editor.default">
				<div class="elementor-widget-container">
									<p><strong>Urheberrecht<br /></strong><br />Die auf dieser Website durch die Betreiber erstellten Inhalte und Werke unterliegen dem deutschen Urheberrecht. Jede Vervielfältigung, Bearbeitung, Verbreitung oder sonstige Nutzung außerhalb der Grenzen des Urheberrechts bedarf der vorherigen schriftlichen Zustimmung des jeweiligen Autors oder Erstellers. Downloads und Kopien dieser Website sind ausschließlich für den privaten, nicht kommerziellen Gebrauch gestattet.</p><p>Soweit die Inhalte auf dieser Website nicht vom Betreiber erstellt wurden, werden die Urheberrechte Dritter beachtet. Inhalte Dritter werden als solche gekennzeichnet. Sollten Sie dennoch auf eine Urheberrechtsverletzung aufmerksam werden, bitten wir Sie, uns dies umgehend mitzuteilen. Bei Bekanntwerden von Rechtsverletzungen werden wir derartige Inhalte unverzüglich entfernen.</p>								</div>
				</div>
				</div>
		<div class="elementor-element elementor-element-a2aad78 e-con-full e-flex e-con e-child" data-id="a2aad78" data-element_type="container">
				<div class="elementor-element elementor-element-c45ce8d elementor-widget elementor-widget-text-editor" data-id="c45ce8d" data-element_type="widget" data-widget_type="text-editor.default">
				<div class="elementor-widget-container">
									<p><strong>Kontakt<br /></strong><br />Telefon: 07720 / 60 998 90<br />Email: info@360-solar.de</p><p><strong>Umsatzsteuer-ID</strong><br />Umsatzsteuer-Identifikationsnummer gemäß §27a: DE342134360<br /><br /><br /><br /><br /></p>								</div>
				</div>
				<div class="elementor-element elementor-element-a2b72f6 elementor-widget elementor-widget-text-editor" data-id="a2b72f6" data-element_type="widget" data-widget_type="text-editor.default">
				<div class="elementor-widget-container">
									<p><strong>Haftung für externe Links<br /></strong><br />Unsere Website enthält Links zu externen Webseiten Dritter, deren Inhalte außerhalb unseres Einflussbereichs liegen. Daher können wir für diese fremden Inhalte keine Gewähr übernehmen. Für die Inhalte der verlinkten Seiten ist ausschließlich der jeweilige Anbieter oder Betreiber verantwortlich. Die verlinkten Seiten wurden zum Zeitpunkt der Verlinkung sorgfältig auf mögliche Rechtsverstöße überprüft. Rechtswidrige Inhalte waren zu diesem Zeitpunkt nicht erkennbar. Eine kontinuierliche inhaltliche Überprüfung der verlinkten Seiten ist ohne konkrete Hinweise auf eine Rechtsverletzung jedoch nicht zumutbar. Sollten uns Rechtsverletzungen bekannt werden, werden wir die entsprechenden Links umgehend entfernen.<br /><br /><br /><br /></p>								</div>
				</div>
				<div class="elementor-element elementor-element-0d9b91d elementor-widget elementor-widget-text-editor" data-id="0d9b91d" data-element_type="widget" data-widget_type="text-editor.default">
				<div class="elementor-widget-container">
									<p><strong>EU-Streitschlichtung</strong><br /><br />Die Europäische Kommission stellt eine Plattform zur Online-Streitbeilegung (OS) bereit: <a href="https://ec.europa.eu/consumers/odr/" target="_blank" rel="noopener">https://ec.europa.eu/consumers/odr/</a>.<br /><br />Unsere E-Mail-Adresse finden Sie oben im Impressum.</p>								</div>
				</div>
				</div>
					</div>
				</div>
				</div>

<p>Impressum Angaben gemäß § 5 TMG360° Solar GmbHSteinkirchring 1278056 Villingen-Schwenningen Sitz: Villingen-Schwenningen Handelsregister:Registergericht: Freiburg im Breisgau Vertreten durch: Toni Wildt Haftung für InhalteDie Inhalte unserer Webseite wurden mit größter Sorgfalt erstellt. Dennoch können wir keine Gewähr für die Richtigkeit, Vollständigkeit und Aktualität der bereitgestellten Informationen übernehmen. Als Diensteanbieter sind wir gemäß § 7 Abs. 1 [&hellip;]</p>
